{"version":"1.0","provider_name":"","provider_url":"https:\/\/sulsc.com","author_name":"Reda\u00e7\u00e3o Sul SC","author_url":"https:\/\/sulsc.com\/index.php\/author\/redacao\/","title":"Acidente grave mata duas pessoas em Gravatal -","type":"rich","width":600,"height":338,"html":"<blockquote class=\"wp-embedded-content\" data-secret=\"E6RtDfKVZp\"><a href=\"https:\/\/sulsc.com\/index.php\/2023\/09\/25\/acidente-grave-mata-duas-pessoas-em-gravatal\/\">Acidente grave mata duas pessoas em Gravatal<\/a><\/blockquote><iframe sandbox=\"allow-scripts\" security=\"restricted\" src=\"https:\/\/sulsc.com\/index.php\/2023\/09\/25\/acidente-grave-mata-duas-pessoas-em-gravatal\/embed\/#?secret=E6RtDfKVZp\" width=\"600\" height=\"338\" title=\"&#8220;Acidente grave mata duas pessoas em Gravatal&#8221; &#8212; \" data-secret=\"E6RtDfKVZp\" frameborder=\"0\" marginwidth=\"0\" marginheight=\"0\" scrolling=\"no\" class=\"wp-embedded-content\"><\/iframe><script>\n\/*! This file is auto-generated *\/\n!function(c,d){\"use strict\";var e=!1,o=!1;if(d.querySelector)if(c.addEventListener)e=!0;if(c.wp=c.wp||{},c.wp.receiveEmbedMessage);else if(c.wp.receiveEmbedMessage=function(e){var t=e.data;if(!t);else if(!(t.secret||t.message||t.value));else if(\/[^a-zA-Z0-9]\/.test(t.secret));else{for(var r,s,a,i=d.querySelectorAll('iframe[data-secret=\"'+t.secret+'\"]'),n=d.querySelectorAll('blockquote[data-secret=\"'+t.secret+'\"]'),o=new RegExp(\"^https?:$\",\"i\"),l=0;l<n.length;l++)n[l].style.display=\"none\";for(l=0;l<i.length;l++)if(r=i[l],e.source!==r.contentWindow);else{if(r.removeAttribute(\"style\"),\"height\"===t.message){if(1e3<(s=parseInt(t.value,10)))s=1e3;else if(~~s<200)s=200;r.height=s}if(\"link\"===t.message)if(s=d.createElement(\"a\"),a=d.createElement(\"a\"),s.href=r.getAttribute(\"src\"),a.href=t.value,!o.test(a.protocol));else if(a.host===s.host)if(d.activeElement===r)c.top.location.href=t.value}}},e)c.addEventListener(\"message\",c.wp.receiveEmbedMessage,!1),d.addEventListener(\"DOMContentLoaded\",t,!1),c.addEventListener(\"load\",t,!1);function t(){if(o);else{o=!0;for(var e,t,r,s=-1!==navigator.appVersion.indexOf(\"MSIE 10\"),a=!!navigator.userAgent.match(\/Trident.*rv:11\\.\/),i=d.querySelectorAll(\"iframe.wp-embedded-content\"),n=0;n<i.length;n++){if(!(r=(t=i[n]).getAttribute(\"data-secret\")))r=Math.random().toString(36).substr(2,10),t.src+=\"#?secret=\"+r,t.setAttribute(\"data-secret\",r);if(s||a)(e=t.cloneNode(!0)).removeAttribute(\"security\"),t.parentNode.replaceChild(e,t);t.contentWindow.postMessage({message:\"ready\",secret:r},\"*\")}}}}(window,document);\n<\/script>\n","thumbnail_url":"https:\/\/sulsc.com\/wp-content\/uploads\/2023\/09\/morre-segunda-vitima-de-grave-acidente-em-gravatal.jpg","thumbnail_width":797,"thumbnail_height":600,"description":"Um acidente fatal tirou a vida de dois homens na tarde desta segunda-feira (25), no km 167,150 da SC-370, em Gravatal. O acidente foi registrado no bairro Pouso Alto.\u00a0A primeira v\u00edtima, homem 45 anos, conduzia um Citro\u00ebn C3, com placas de Gravatal, que colidiu frontalmente com uma carreta Scania R440A, emplacada em Bra\u00e7o do Norte. &hellip;  Read More &raquo;"}

Redação Sul SC

Um acidente fatal tirou a vida de dois homens na tarde desta segunda-feira (25), no km 167,150 da SC-370, em Gravatal. O acidente foi registrado no bairro Pouso Alto. A primeira vítima, homem 45 anos, conduzia um Citroën C3, com placas de Gravatal, que colidiu frontalmente com uma carreta Scania R440A, emplacada em Braço do Norte. &hellip;  Read More &raquo;
